672 is divided by 24489?
8694
What is the remainder when 154990 is divided by 77389?
212
Calculate the remainder when 91111 is divided by 2914.
777
What is the remainder when 1636734 is divided by 3094?
8
Calculate the remainder when 808665 is divided by 2568.
2313
Calculate the remainder when 914948 is divided by 101635.
233
Calculate the remainder when 130029 is divided by 1000.
29
What is the remainder when 35964185 is divided by 3996020?
5
What is the remainder when 119196670 is divided by 5061?
5059
What is the remainder when 53340659 is divided by 10739?
46
What is the remainder when 2573892 is divided by 367692?
48
What is the remainder when 21044720 is divided by 1723?
1721
What is the remainder when 18939 is divided by 1114?
1
What is the remainder when 29535 is divided by 2919?
345
Calculate the remainder when 1604651 is divided by 6293.
6229
What is the remainder when 700381 is divided by 6250?
381
What is the remainder when 365399666 is divided by 1107?
1106
Calculate the remainder when 513919 is divided by 255544.
2831
Calculate the remainder when 4120411 is divided by 11105.
456
What is the remainder when 10296461 is divided by 5148225?
11
Calculate the remainder when 6550028 is divided by 5812.
5716
Calculate the remainder when 608568 is divided by 76025.
368
What is the remainder when 3299020 is divided by 250?
20
Calculate the remainder when 42716 is divided by 14225.
41
Calculate the remainder when 180719 is divided by 12017.
464
What is the remainder when 23335556 is divided by 337?
328
Calculate the remainder when 16727 is divided by 13414.
3313
What is the remainder when 567064 is divided by 3?
1
Calculate the remainder when 19041738 is divided by 3343.
10
Calculate the remainder when 88291 is divided by 3382.
359
Calculate the remainder when 841914370 is divided by 129.
127
What is the remainder when 18695048 is divided by 160?
8
What is the remainder when 11866 is divided by 9539?
2327
What is the remainder when 11812 is divided by 7773?
4039
What is the remainder when 6544294 is divided by 1203?
1177
Calculate the remainder when 5781094 is divided by 8552.
8494
What is the remainder when 248063 is divided by 1610?
123
What is the remainder when 11887313 is divided by 639?
635
What is the remainder when 30349 is divided by 5865?
1024
Calculate the remainder when 97064 is divided by 23596.
2680
Calculate the remainder when 114321 is divided by 85.
81
Calculate the remainder when 110005 is divided by 54981.
43
What is the remainder when 5280403 is divided by 394?
15
What is the remainder when 13768 is divided by 2844?
2392
Calculate the remainder when 40367816 is divided by 692.
688
Calculate the remainder when 19713937 is divided by 13.
9
What is the remainder when 112099 is divided by 6415?
3044
What is the remainder when 38046 is divided by 7055?
2771
What is the remainder when 61685 is divided by 7664?
373
Calculate the remainder when 1757728 is divided by 110.
38
What is the remainder when 214673 is divided by 1213?
1185
Calculate the remainder when 745666 is divided by 248379.
529
Calculate the remainder when 796704 is divided by 2996.
2764
What is the remainder when 5969184 is divided by 1061?
1059
Calculate the remainder when 2716401 is divided by 123.
69
What is the remainder when 4829960 is divided by 3220?
3180
What is the remainder when 42282 is divided by 5?
2
What is the remainder when 26566 is divided by 116?
2
Calculate the remainder when 8413877 is divided by 3006.
83
What is the remainder when 145759 is divided by 145676?
83
What is the remainder when 35355934 is divided by 30039?
31
Calculate the remainder when 2916644 is divided by 38.
30
What is the remainder when 112654468 is divided by 29?
24
What is the remainder when 60191 is divided by 2330?
1941
Calculate the remainder when 20375 is divided by 14.
5
Calculate the remainder when 140412 is divided by 7776.
444
Calculate the remainder when 2795047 is divided by 465838.
19
Calculate the remainder when 174543 is divided by 122.
83
Calculate the remainder when 11854633 is divided by 2963658.
1
What is the remainder when 4132265 is divided by 552?
545
What is the remainder when 524062589 is divided by 9297?
9293
What is the remainder when 10670358 is divided by 322?
244
What is the remainder when 443072 is divided by 63283?
91
Calculate the remainder when 341030 is divided by 170480.
70
What is the remainder when 128986106 is divided by 90?
86
What is the remainder when 464184 is divided by 154720?
24
Calculate the remainder when 28133455 is divided by 44.
31
What is the remainder when 621841 is divided by 99?
22
Calculate the remainder when 1540622 is divided by 35.
27
Calculate the remainder when 14638612 is divided by 4879535.
7
Calculate the remainder when 30840213 is divided by 398.
387
Calculate the remainder when 1323 is divided by 1307.
16
Calculate the remainder when 33468862 is divided by 2392.
2390
Calculate the remainder when 1300712 is divided by 650241.
230
What is the remainder when 357042 is divided by 25499?
56
What is the remainder when 30056091 is divided by 29?
27
What is the remainder when 41832 is divided by 20889?
54
Calculate the remainder when 21284833 is divided by 113217.
37
Calculate the remainder when 152711 is divided by 10897.
153
What is the remainder when 1824972 is divided by 1207?
1195
What is the remainder when 8897222 is divided by 96?
38
Calculate the remainder when 95234 is divided by 640.
514
What is the remainder when 79309 is divided by 26076?
1081
What is the remainder when 19511 is divided by 4034?
3375
What is the remainder when 529286 is divided by 19524?
2138
Calculate the remainder when 40167947 is divided by 176.
171
Calculate the remainder when 49548 is divided by 165.
48
Calculate the remainder when 1861863 is divided by 20687.
33
What is the remainder when 466364 is divided by 5807?
1804
Calculate the remainder when 2204148 is divided by 25.
23
Calculate the remainder when 64908 is divided by 549.
126
What is the remainder when 70554754 is divided by 34?
28
Calculate the remainder when 824871 is divided by 74987.
14
Calculate the remainder when 498880 is divided by 11543.
2531
Calculate the remainder when 168827 is divided by 6028.
43
Calculate the remainder when 8137 is divided by 9.
1
Calculate the remainder when 6808789 is divided by 77.
64
What is the remainder when 333545 is divided by 22236?
5
Calculate the remainder when 1905129 is divided by 952558.
13
Calculate the remainder when 587772358 is divided by 9660.
9658
What is the remainder when 206248 is divided by 51516?
184
What is the remainder when 4246672 is divided by 1415557?
1
What is the remainder when 2716357 is divided by 99?
94
What is the remainder when 1086548 is divided by 83511?
905
What is the remainder when 4149219 is divided by 462?
459
Calculate the remainder when 101963316 is divided by 5.
1
Calculate the remainder when 343551 is divided by 1342.
1341
Calculate the remainder when 214140 is divided by 100.
40
Calculate the remainder when 275766 is divided by 429.
348
What is the remainder when 3307154 is divided by 39845?
19
Calculate the remainder when 24639 is divided by 24480.
159
What is the remainder when 168137958 is divided by 7642634?
10
What is the remainder when 359421774 is divided by 579?
576
Calculate the remainder when 358016718 is divided by 615149.
0
What is the remainder when 4279457 is divided by 7168?
161
Calculate the remainder when 370592022 is divided by 88.
86
What is the remainder when 110111739 is divided by 7738?
7737
What is the remainder when 39547268 is divided by 486?
476
Calculate the remainder when 57346977 is divided by 3839.
3834
Calculate the remainder when 7161211 is divided by 96.
91
What is the remainder when 112014 is divided by 37322?
48
What is the remainder when 9248557 is divided by 140?
17
What is the remainder when 1005772 is divided by 55?
42
Calculate the remainder when 370217 is divided by 224.
169
What is the remainder when 88111 is divided by 2450?
2361
What is the remainder when 23005767 is divided by 581?
491
Calculate the remainder when 2668880 is divided by 1065.
1055
What is the remainder when 32956 is divided by 3697?
3380
Calculate the remainder when 86820612 is divi